{"id":44,"date":"2025-07-05T16:56:08","date_gmt":"2025-07-05T16:56:08","guid":{"rendered":"https:\/\/rodrigotoledo.es\/patavolcanica\/?page_id=44"},"modified":"2025-07-10T00:12:00","modified_gmt":"2025-07-10T00:12:00","slug":"pagina-de-inicio","status":"publish","type":"page","link":"https:\/\/rodrigotoledo.es\/patavolcanica\/","title":{"rendered":"WHO WE ARE ?!"},"content":{"rendered":"\n<div class=\"wp-block-group alignwide has-global-padding is-content-justification-center is-layout-constrained wp-block-group-is-layout-constrained\">\n<div style=\"height:57px\" aria-hidden=\"true\" class=\"wp-block-spacer\"><\/div>\n\n\n\n<h2 class=\"wp-block-heading has-text-align-center has-medium-font-size\" style=\"letter-spacing:1px\">Somos Selva y L\u00fa. Compa\u00f1eras de vida. y s\u00ed&#8230; en nuestro mundo!!<\/h2>\n\n\n\n<p class=\"has-text-align-center\">Este proyecto naci\u00f3 a fuego lento, como todo lo bonito\u2026 caminando sin prisa, buscando lugares aut\u00e9nticos de la isla, donde parar y ser conscientes del presente que la vida nos regala. So\u00f1ando con una forma de vivir m\u00e1s libre, m\u00e1s conectada con la naturaleza y sobretodo disfrutando de ese tiempo juntas. porque para m\u00ed no hay mejor plan, que hacer planes con Selva.<\/p>\n\n\n\n<p><\/p>\n<\/div>\n\n\n\n<p><\/p>\n\n\n\n<p><\/p>\n\n\n\n<div class=\"wp-block-group alignwide has-global-padding is-content-justification-center is-layout-constrained wp-block-group-is-layout-constrained\">\n<div class=\"wp-block-buttons is-horizontal is-content-justification-center is-layout-flex wp-container-core-buttons-is-layout-ecd33c62 wp-block-buttons-is-layout-flex\">\n<div class=\"wp-block-button is-style-outline is-style-outline--1\"><a class=\"wp-block-button__link has-small-font-size has-custom-font-size wp-element-button\" href=\"#\" style=\"border-radius:0px\">\u00bfTe unes a conocer nuestra historia?<\/a><\/div>\n<\/div>\n\n\n\n<div style=\"height:151px\" aria-hidden=\"true\" class=\"wp-block-spacer\"><\/div>\n<\/div>\n\n\n\n<div id=\"services\" class=\"wp-block-group alignfull pattern_multiple_covers has-background has-global-padding is-layout-constrained wp-block-group-is-layout-constrained\">\n<h2 class=\"wp-block-heading has-text-align-left\">\u00bf Que es PATA VOLCANICA?<\/h2>\n\n\n\n<p class=\"has-text-align-left\"><strong>Pata Volc\u00e1nica<\/strong>&nbsp;es una gu\u00eda de rutas, experiencias y lugares pensada para personas que viajan con su perro ( o sue\u00f1an con hacerlo). Aqu\u00ed compartimos rincones de Canarias (y m\u00e1s all\u00e1), rutas dog-friendly, consejos, reflexiones y mucho m\u00e1s!&nbsp; <strong>Mi lema: Con Selva a todos lados!!<\/strong><\/p>\n\n\n\n<div style=\"height:46px\" aria-hidden=\"true\" class=\"wp-block-spacer\"><\/div>\n\n\n\n<div class=\"wp-block-columns is-layout-flex wp-container-core-columns-is-layout-28f84493 wp-block-columns-is-layout-flex\">\n<div class=\"wp-block-column is-layout-flow wp-block-column-is-layout-flow\" style=\"padding-top:0;padding-right:0;padding-bottom:0;padding-left:0\">\n<div class=\"wp-block-cover has-custom-content-position is-position-bottom-left\" style=\"padding-top:var(--wp--preset--spacing--small);padding-right:var(--wp--preset--spacing--x-small);padding-bottom:var(--wp--preset--spacing--small);padding-left:var(--wp--preset--spacing--x-small)\"><img fetchpriority=\"high\" decoding=\"async\" width=\"768\" height=\"1024\" class=\"wp-block-cover__image-background wp-image-114 size-large\" alt=\"\" src=\"https:\/\/rodrigotoledo.es\/patavolcanica\/wp-content\/uploads\/2025\/07\/IMG_0139-1-768x1024.jpeg\" data-object-fit=\"cover\" srcset=\"https:\/\/rodrigotoledo.es\/patavolcanica\/wp-content\/uploads\/2025\/07\/IMG_0139-1-768x1024.jpeg 768w, https:\/\/rodrigotoledo.es\/patavolcanica\/wp-content\/uploads\/2025\/07\/IMG_0139-1-225x300.jpeg 225w, https:\/\/rodrigotoledo.es\/patavolcanica\/wp-content\/uploads\/2025\/07\/IMG_0139-1-2000x2667.jpeg 2000w, https:\/\/rodrigotoledo.es\/patavolcanica\/wp-content\/uploads\/2025\/07\/IMG_0139-1-scaled.jpeg 1920w\" sizes=\"(max-width: 768px) 100vw, 768px\" \/><span aria-hidden=\"true\" class=\"wp-block-cover__background has-primary-background-color has-background-dim-70 has-background-dim\"><\/span><div class=\"wp-block-cover__inner-container is-layout-flow wp-block-cover-is-layout-flow\">\n<h3 class=\"wp-block-heading has-white-color has-text-color has-medium-font-size\" style=\"margin-top:0;margin-right:0;margin-bottom:0;margin-left:0\">Rutas volcanes y calderas<\/h3>\n\n\n\n<p class=\"has-secondary-color has-text-color has-link-color wp-elements-6cbcf09727162a3d8f779c4b459babd2\" style=\"margin-top:0;margin-right:0;margin-bottom:0;margin-left:0\"><a href=\"#\">Caminamos? \u2192<\/a><\/p>\n<\/div><\/div>\n<\/div>\n\n\n\n<div class=\"wp-block-column is-layout-flow wp-block-column-is-layout-flow\" style=\"padding-top:0;padding-right:0;padding-bottom:0;padding-left:0\">\n<div class=\"wp-block-cover alignright is-repeated has-custom-content-position is-position-bottom-center\" style=\"padding-top:var(--wp--preset--spacing--small);padding-right:var(--wp--preset--spacing--x-small);padding-bottom:var(--wp--preset--spacing--small);padding-left:var(--wp--preset--spacing--x-small)\"><div class=\"wp-block-cover__image-background wp-image-127 size-large is-repeated\" style=\"background-position:50% 50%;background-image:url(https:\/\/rodrigotoledo.es\/patavolcanica\/wp-content\/uploads\/2025\/07\/IMG_0134-768x1024.jpeg)\"><\/div><span aria-hidden=\"true\" class=\"wp-block-cover__background has-primary-background-color has-background-dim-70 has-background-dim\"><\/span><div class=\"wp-block-cover__inner-container is-layout-flow wp-block-cover-is-layout-flow\">\n<h3 class=\"wp-block-heading has-white-color has-text-color has-medium-font-size\" style=\"margin-top:0;margin-right:0;margin-bottom:0;margin-left:0\">Vamos a la marea!<\/h3>\n\n\n\n<p class=\"has-secondary-color has-text-color has-link-color wp-elements-d2404eef6cd0483954bc14232aab4e57\" style=\"margin-top:0;margin-right:0;margin-bottom:0;margin-left:0\"><a href=\"#\">A pata pel\u00e1 \u2192<\/a><\/p>\n<\/div><\/div>\n<\/div>\n\n\n\n<div class=\"wp-block-column is-layout-flow wp-block-column-is-layout-flow\" style=\"padding-top:0;padding-right:0;padding-bottom:0;padding-left:0\">\n<div class=\"wp-block-cover has-custom-content-position is-position-bottom-left\" style=\"padding-top:var(--wp--preset--spacing--small);padding-right:var(--wp--preset--spacing--x-small);padding-bottom:var(--wp--preset--spacing--small);padding-left:var(--wp--preset--spacing--x-small)\"><img decoding=\"async\" width=\"768\" height=\"1024\" class=\"wp-block-cover__image-background wp-image-115 size-large\" alt=\"\" src=\"https:\/\/rodrigotoledo.es\/patavolcanica\/wp-content\/uploads\/2025\/07\/IMG_0571-768x1024.jpeg\" data-object-fit=\"cover\" srcset=\"https:\/\/rodrigotoledo.es\/patavolcanica\/wp-content\/uploads\/2025\/07\/IMG_0571-768x1024.jpeg 768w, https:\/\/rodrigotoledo.es\/patavolcanica\/wp-content\/uploads\/2025\/07\/IMG_0571-225x300.jpeg 225w, https:\/\/rodrigotoledo.es\/patavolcanica\/wp-content\/uploads\/2025\/07\/IMG_0571-2000x2667.jpeg 2000w, https:\/\/rodrigotoledo.es\/patavolcanica\/wp-content\/uploads\/2025\/07\/IMG_0571-scaled.jpeg 1920w\" sizes=\"(max-width: 768px) 100vw, 768px\" \/><span aria-hidden=\"true\" class=\"wp-block-cover__background has-primary-background-color has-background-dim-70 has-background-dim\"><\/span><div class=\"wp-block-cover__inner-container is-layout-flow wp-block-cover-is-layout-flow\">\n<h3 class=\"wp-block-heading has-white-color has-text-color has-medium-font-size\" style=\"margin-top:0;margin-right:0;margin-bottom:0;margin-left:0\">Rutas de pueblos <\/h3>\n\n\n\n<p class=\"has-secondary-color has-text-color has-link-color wp-elements-437d62d6039023927d10730a1bc53d78\" style=\"margin-top:0;margin-right:0;margin-bottom:0;margin-left:0\">Explorando<a href=\"#\"> \u2192<\/a><\/p>\n<\/div><\/div>\n<\/div>\n<\/div>\n\n\n\n<div style=\"height:103px\" aria-hidden=\"true\" class=\"wp-block-spacer\"><\/div>\n<\/div>\n\n\n\n<div class=\"wp-block-group alignfull has-global-padding is-layout-constrained wp-block-group-is-layout-constrained\">\n<div class=\"wp-block-group has-global-padding is-layout-constrained wp-block-group-is-layout-constrained\" style=\"padding-top:var(--wp--preset--spacing--small);padding-bottom:var(--wp--preset--spacing--small)\">\n<div style=\"height:30px\" aria-hidden=\"true\" class=\"wp-block-spacer\"><\/div>\n\n\n\n<div class=\"wp-block-columns is-layout-flex wp-container-core-columns-is-layout-c375d253 wp-block-columns-is-layout-flex\">\n<div class=\"wp-block-column is-vertically-aligned-center is-layout-flow wp-block-column-is-layout-flow\">\n<h2 class=\"wp-block-heading has-medium-font-size\" style=\"text-transform:uppercase\">NUESTRA FILOSOF\u00cdA<\/h2>\n\n\n\n<p>\ud83c\udfdd\ufe0fVida simple <\/p>\n\n\n\n<p>\ud83c\udf0f Acciones conscientes <\/p>\n\n\n\n<p>\ud83d\udc3e Amor por los animales<\/p>\n\n\n\n<p> \ud83c\udf05 Conexi\u00f3n con la naturaleza <\/p>\n\n\n\n<p>\ud83e\udef6\ud83c\udffd Grandes amantes de la vida. <\/p>\n\n\n\n<p>Fiel creyente de que la esencia animal nos ense\u00f1a un aprendizaje de vida que nos hace volver a lo esencial.<\/p>\n\n\n\n<div class=\"wp-block-buttons is-horizontal is-content-justification-left is-layout-flex wp-container-core-buttons-is-layout-20be11b6 wp-block-buttons-is-layout-flex\">\n<div class=\"wp-block-button is-style-outline is-style-outline--2\"><a class=\"wp-block-button__link wp-element-button\" href=\"#\" style=\"border-radius:0px\">Explora el blog<\/a><\/div>\n<\/div>\n\n\n\n<p><\/p>\n<\/div>\n\n\n\n<div class=\"wp-block-column is-layout-flow wp-block-column-is-layout-flow\">\n<figure class=\"wp-block-image size-large\"><img decoding=\"async\" width=\"768\" height=\"1024\" src=\"https:\/\/rodrigotoledo.es\/patavolcanica\/wp-content\/uploads\/2025\/07\/IMG_5754-768x1024.jpeg\" alt=\"\" class=\"wp-image-113\" srcset=\"https:\/\/rodrigotoledo.es\/patavolcanica\/wp-content\/uploads\/2025\/07\/IMG_5754-768x1024.jpeg 768w, https:\/\/rodrigotoledo.es\/patavolcanica\/wp-content\/uploads\/2025\/07\/IMG_5754-225x300.jpeg 225w, https:\/\/rodrigotoledo.es\/patavolcanica\/wp-content\/uploads\/2025\/07\/IMG_5754-2000x2667.jpeg 2000w, https:\/\/rodrigotoledo.es\/patavolcanica\/wp-content\/uploads\/2025\/07\/IMG_5754-scaled.jpeg 1920w\" sizes=\"(max-width: 768px) 100vw, 768px\" \/><\/figure>\n<\/div>\n<\/div>\n\n\n\n<div style=\"height:30px\" aria-hidden=\"true\" class=\"wp-block-spacer\"><\/div>\n<\/div>\n<\/div>\n\n\n\n<div class=\"wp-block-group alignfull has-background has-global-padding is-layout-constrained wp-block-group-is-layout-constrained\">\n<div class=\"wp-block-group has-global-padding is-layout-constrained wp-block-group-is-layout-constrained\" style=\"padding-top:var(--wp--preset--spacing--small);padding-bottom:var(--wp--preset--spacing--small)\">\n<div style=\"height:30px\" aria-hidden=\"true\" class=\"wp-block-spacer\"><\/div>\n\n\n\n<div class=\"wp-block-columns are-vertically-aligned-center is-layout-flex wp-container-core-columns-is-layout-c375d253 wp-block-columns-is-layout-flex\">\n<div class=\"wp-block-column is-vertically-aligned-center is-layout-flow wp-block-column-is-layout-flow\">\n<figure class=\"wp-block-image size-large\"><img loading=\"lazy\" decoding=\"async\" width=\"768\" height=\"1024\" src=\"https:\/\/rodrigotoledo.es\/patavolcanica\/wp-content\/uploads\/2025\/07\/IMG_4790-768x1024.jpeg\" alt=\"\" class=\"wp-image-116\" srcset=\"https:\/\/rodrigotoledo.es\/patavolcanica\/wp-content\/uploads\/2025\/07\/IMG_4790-768x1024.jpeg 768w, https:\/\/rodrigotoledo.es\/patavolcanica\/wp-content\/uploads\/2025\/07\/IMG_4790-225x300.jpeg 225w, https:\/\/rodrigotoledo.es\/patavolcanica\/wp-content\/uploads\/2025\/07\/IMG_4790-2000x2667.jpeg 2000w, https:\/\/rodrigotoledo.es\/patavolcanica\/wp-content\/uploads\/2025\/07\/IMG_4790-scaled.jpeg 1920w\" sizes=\"(max-width: 768px) 100vw, 768px\" \/><\/figure>\n<\/div>\n\n\n\n<div class=\"wp-block-column is-vertically-aligned-center is-layout-flow wp-block-column-is-layout-flow\">\n<h2 class=\"wp-block-heading has-medium-font-size\" style=\"text-transform:uppercase\">Lo que encontrar\u00e1s aqu\u00ed<\/h2>\n\n\n\n<p>\ud83c\udf0b Rutas y planes dog-friendly en lugares \u00fanicos<\/p>\n\n\n\n<p>\ud83d\uded6 Lugares donde somos bienvenidos<\/p>\n\n\n\n<p>\ud83c\udf1eVida slow, natural y libre<\/p>\n\n\n\n<p>\ud83d\udcab Nos gusta saltarnos las normas<\/p>\n\n\n\n<p>\ud83c\udf04 Fotos de paisaje de fuego y mar<\/p>\n\n\n\n<div class=\"wp-block-buttons is-layout-flex wp-block-buttons-is-layout-flex\">\n<div class=\"wp-block-button is-style-outline is-style-outline--3\"><a class=\"wp-block-button__link wp-element-button\" href=\"#\" style=\"border-radius:0px\">\u00bfVamos?<\/a><\/div>\n<\/div>\n<\/div>\n<\/div>\n\n\n\n<div style=\"height:30px\" aria-hidden=\"true\" class=\"wp-block-spacer\"><\/div>\n<\/div>\n<\/div>\n\n\n\n\n\n<div id=\"team\" class=\"wp-block-group has-global-padding is-layout-constrained wp-block-group-is-layout-constrained\">\n<div class=\"wp-block-group is-layout-flow wp-block-group-is-layout-flow\">\n<div style=\"height:74px\" aria-hidden=\"true\" class=\"wp-block-spacer\"><\/div>\n\n\n\n<div style=\"height:27px\" aria-hidden=\"true\" class=\"wp-block-spacer\"><\/div>\n\n\n\n<div style=\"height:0px\" aria-hidden=\"true\" class=\"wp-block-spacer\"><\/div>\n\n\n\n<div style=\"height:63px\" aria-hidden=\"true\" class=\"wp-block-spacer\"><\/div>\n\n\n\n<div style=\"height:81px\" aria-hidden=\"true\" class=\"wp-block-spacer\"><\/div>\n<\/div>\n<\/div>\n\n\n\n<div class=\"wp-block-cover alignfull has-parallax is-position-center-center\" style=\"border-radius:0px\"><div class=\"wp-block-cover__image-background wp-image-66 size-full has-parallax\" style=\"background-position:50% 50%;background-image:url(https:\/\/rodrigotoledo.es\/patavolcanica\/wp-content\/uploads\/2025\/07\/55523B4F-08AA-42E6-9DCB-18ADA52B4CE7_4_5005_c.jpeg)\"><\/div><span aria-hidden=\"true\" class=\"wp-block-cover__background has-black-background-color has-background-dim-40 has-background-dim\"><\/span><div class=\"wp-block-cover__inner-container is-layout-flow wp-block-cover-is-layout-flow\">\n<div class=\"wp-block-group has-global-padding is-layout-constrained wp-block-group-is-layout-constrained\">\n<h3 class=\"wp-block-heading has-text-align-center has-text-color has-medium-font-size\" style=\"color:#fffffa;text-transform:uppercase\">Unleash your creativity with Inspiro<\/h3>\n\n\n\n<p class=\"has-text-align-center has-white-color has-text-color\">This is some dummy copy. You\u2019re not really supposed to read this dummy copy, it is just a placeholder for people who need some type to visualize what the actual copy might look like if it were real content.<\/p>\n\n\n\n<div style=\"height:31px\" aria-hidden=\"true\" class=\"wp-block-spacer\"><\/div>\n\n\n\n<div class=\"wp-block-buttons is-horizontal is-content-justification-center is-layout-flex wp-container-core-buttons-is-layout-03627597 wp-block-buttons-is-layout-flex\">\n<div class=\"wp-block-button is-style-outline is-style-outline--4\"><a class=\"wp-block-button__link has-white-color has-text-color wp-element-button\" href=\"#\" style=\"border-radius:0px\">CONTACT US<\/a><\/div>\n<\/div>\n<\/div>\n<\/div><\/div>\n\n\n\n<div id=\"news\" class=\"wp-block-group has-global-padding is-layout-constrained wp-block-group-is-layout-constrained\">\n<div style=\"height:108px\" aria-hidden=\"true\" class=\"wp-block-spacer\"><\/div>\n\n\n\n<p class=\"has-text-align-left has-secondary-color has-text-color\">FROM THE BLOG<\/p>\n\n\n\n<h2 class=\"wp-block-heading has-text-align-left\">Latest News<\/h2>\n\n\n\n<div style=\"height:33px\" aria-hidden=\"true\" class=\"wp-block-spacer\"><\/div>\n\n\n\n<div class=\"wp-block-query is-layout-flow wp-block-query-is-layout-flow\"><ul class=\"columns-3 wp-block-post-template is-layout-grid wp-container-core-post-template-is-layout-6aac66c0 wp-block-post-template-is-layout-grid\"><li class=\"wp-block-post post-75 post type-post status-publish format-standard hentry category-uncategorized\">\n\n\n<div style=\"margin-top:0;margin-bottom:0;\" class=\"has-link-color wp-elements-a1817b6b9e4eaefd5826fde68b0a8fdb wp-block-post-date has-text-color has-tertiary-color\"><time datetime=\"2025-07-06T08:49:02+00:00\">julio 6, 2025<\/time><\/div>\n\n<h3 style=\"margin-top:0;margin-bottom:var(--wp--preset--spacing--x-small);\" class=\"has-link-color wp-elements-2e75b4e4fab489cf445e03eda13279d1 wp-block-post-title\"><a href=\"https:\/\/rodrigotoledo.es\/patavolcanica\/2025\/07\/06\/selva\/\" target=\"_self\" >SELVA<\/a><\/h3>\n\n<div class=\"has-link-color wp-elements-61eeeb1d6c31f3761cb8bc35b6e1a095 wp-block-post-excerpt has-text-color has-tertiary-color\"><p class=\"wp-block-post-excerpt__excerpt\"> <\/p><\/div>\n\n<a style=\"text-transform:uppercase; border-width:2px; padding-right:var(--wp--preset--spacing--x-small);padding-left:var(--wp--preset--spacing--x-small);padding-top:10px;padding-bottom:10px;\" class=\"wp-block-read-more has-text-color has-foreground-color\" href=\"https:\/\/rodrigotoledo.es\/patavolcanica\/2025\/07\/06\/selva\/\" target=\"_self\">Leer m\u00e1s<span class=\"screen-reader-text\">: SELVA<\/span><\/a>\n<\/li><li class=\"wp-block-post post-1 post type-post status-publish format-standard hentry category-uncategorized\">\n\n\n<div style=\"margin-top:0;margin-bottom:0;\" class=\"has-link-color wp-elements-a1817b6b9e4eaefd5826fde68b0a8fdb wp-block-post-date has-text-color has-tertiary-color\"><time datetime=\"2025-07-01T20:19:03+00:00\">julio 1, 2025<\/time><\/div>\n\n<h3 style=\"margin-top:0;margin-bottom:var(--wp--preset--spacing--x-small);\" class=\"has-link-color wp-elements-2e75b4e4fab489cf445e03eda13279d1 wp-block-post-title\"><a href=\"https:\/\/rodrigotoledo.es\/patavolcanica\/2025\/07\/01\/hello-world\/\" target=\"_self\" >La isla de Fuego a trav\u00e9s de una perra de Agua.<\/a><\/h3>\n\n<div class=\"has-link-color wp-elements-61eeeb1d6c31f3761cb8bc35b6e1a095 wp-block-post-excerpt has-text-color has-tertiary-color\"><p class=\"wp-block-post-excerpt__excerpt\">Welcome to WordPress. This is your first post. Edit or delete it, then start writing! <\/p><\/div>\n\n<a style=\"text-transform:uppercase; border-width:2px; padding-right:var(--wp--preset--spacing--x-small);padding-left:var(--wp--preset--spacing--x-small);padding-top:10px;padding-bottom:10px;\" class=\"wp-block-read-more has-text-color has-foreground-color\" href=\"https:\/\/rodrigotoledo.es\/patavolcanica\/2025\/07\/01\/hello-world\/\" target=\"_self\">Leer m\u00e1s<span class=\"screen-reader-text\">: La isla de Fuego a trav\u00e9s de una perra de Agua.<\/span><\/a>\n<\/li><\/ul>\n\n<\/div>\n\n\n\n<div style=\"height:85px\" aria-hidden=\"true\" class=\"wp-block-spacer\"><\/div>\n<\/div>\n","protected":false},"excerpt":{"rendered":"<p>Somos Selva y L\u00fa. Compa\u00f1eras de vida. y s\u00ed&#8230; en nuestro mundo!! Este proyecto naci\u00f3 a fuego lento, como todo lo bonito\u2026 caminando sin prisa, buscando lugares aut\u00e9nticos de la isla, donde parar y ser conscientes del presente que la vida nos regala. So\u00f1ando con una forma de vivir m\u00e1s libre, m\u00e1s conectada con la &hellip; <\/p>\n<p class=\"link-more\"><a href=\"https:\/\/rodrigotoledo.es\/patavolcanica\/\" class=\"more-link\">Leer m\u00e1s<span class=\"screen-reader-text\"> \u00abWHO WE ARE ?!\u00bb<\/span><\/a><\/p>\n","protected":false},"author":1,"featured_media":0,"parent":0,"menu_order":0,"comment_status":"closed","ping_status":"closed","template":"page-templates\/homepage-builder-bb.php","meta":{"pagelayer_contact_templates":[],"_pagelayer_content":"","footnotes":""},"class_list":["post-44","page","type-page","status-publish","hentry"],"featured_media_urls":[],"_links":{"self":[{"href":"https:\/\/rodrigotoledo.es\/patavolcanica\/wp-json\/wp\/v2\/pages\/44","targetHints":{"allow":["GET"]}}],"collection":[{"href":"https:\/\/rodrigotoledo.es\/patavolcanica\/wp-json\/wp\/v2\/pages"}],"about":[{"href":"https:\/\/rodrigotoledo.es\/patavolcanica\/wp-json\/wp\/v2\/types\/page"}],"author":[{"embeddable":true,"href":"https:\/\/rodrigotoledo.es\/patavolcanica\/wp-json\/wp\/v2\/users\/1"}],"replies":[{"embeddable":true,"href":"https:\/\/rodrigotoledo.es\/patavolcanica\/wp-json\/wp\/v2\/comments?post=44"}],"version-history":[{"count":16,"href":"https:\/\/rodrigotoledo.es\/patavolcanica\/wp-json\/wp\/v2\/pages\/44\/revisions"}],"predecessor-version":[{"id":134,"href":"https:\/\/rodrigotoledo.es\/patavolcanica\/wp-json\/wp\/v2\/pages\/44\/revisions\/134"}],"wp:attachment":[{"href":"https:\/\/rodrigotoledo.es\/patavolcanica\/wp-json\/wp\/v2\/media?parent=44"}],"curies":[{"name":"wp","href":"https:\/\/api.w.org\/{rel}","templated":true}]}}